 divide 426122?
True
Is 16 a factor of 3288775?
False
Is 190 a factor of 232880?
False
Does 717 divide 2909806?
False
Does 23 divide 8789393?
False
Is 3 a factor of 21596?
False
Is 10 a factor of 1728880?
True
Does 11 divide 10762?
False
Is 8 a factor of 187580?
False
Does 40 divide 3508128?
False
Is 246820 a multiple of 172?
True
Is 627714 a multiple of 43?
True
Is 88 a factor of 51389?
False
Is 83000 a multiple of 332?
True
Is 476 a multiple of 257?
False
Is 161942 a multiple of 433?
True
Is 15 a factor of 12753?
False
Does 19 divide 59183?
False
Does 404 divide 11308901?
False
Is 66980 a multiple of 10?
True
Is 667481 a multiple of 194?
False
Does 543 divide 3381804?
True
Is 552508 a multiple of 58?
True
Does 16 divide 12969078?
False
Is 33 a factor of 3267?
True
Is 21561 a multiple of 115?
False
Is 7 a factor of 160062?
True
Does 10 divide 4087980?
True
Is 40 a factor of 7746160?
True
Is 73320 a multiple of 47?
True
Is 109 a factor of 18203?
True
Is 138 a factor of 848507?
False
Does 575 divide 511750?
True
Does 64 divide 337052?
False
Does 44 divide 1057408?
True
Does 347 divide 1003524?
True
Is 278748 a multiple of 6?
True
Does 345 divide 192855?
True
Does 9 divide 3802252?
False
Does 47 divide 726791?
False
Is 1499367 a multiple of 177?
True
Is 45266 a multiple of 6?
False
Does 109 divide 9193868?
False
Is 202 a factor of 330876?
True
Does 11 divide 14622157?
True
Is 209857 a multiple of 145?
False
Is 120 a factor of 173522?
False
Is 4462417 a multiple of 22?
False
Does 189 divide 20787252?
False
Is 42 a factor of 137063?
False
Is 32738 a multiple of 6?
False
Does 1253 divide 1078833?
True
Is 919356 a multiple of 12?
True
Is 1103231 a multiple of 2?
False
Does 213 divide 115446?
True
Is 20387 a multiple of 11?
False
Is 177 a factor of 490998?
True
Is 6283710 a multiple of 51?
True
Does 11 divide 5545420?
False
Is 451 a factor of 3563802?
True
Is 15 a factor of 10810?
False
Does 20 divide 819806?
False
Is 41252 a multiple of 2?
True
Is 62 a factor of 5609723?
False
Is 154666 a multiple of 23?
False
Is 129320 a multiple of 53?
True
Is 3582754 a multiple of 19?
True
Is 8277815 a multiple of 61?
False
Is 50 a factor of 262000?
True
Is 7 a factor of 459403?
True
Is 10 a factor of 13400998?
False
Is 176 a factor of 9948048?
True
Is 553118 a multiple of 234?
False
Is 61491 a multiple of 10?
False
Does 9 divide 573933?
False
Is 393296 a multiple of 259?
False
Is 118 a factor of 103970?
False
Is 1270881 a multiple of 9?
True
Does 17 divide 253606?
True
Is 57 a factor of 5476554?
False
Is 303 a factor of 80689?
False
Is 11 a factor of 606230?
False
Is 15 a factor of 323409?
False
Does 15 divide 42740062?
False
Is 7387150 a multiple of 50?
True
Does 1056 divide 7705855?
False
Is 61 a factor of 63074?
True
Is 125 a factor of 542070?
False
Is 1071453 a multiple of 281?
True
Is 11 a factor of 2495724?
True
Is 3307756 a multiple of 35?
False
Is 1189 a factor of 1277377?
False
Is 1609871 a multiple of 678?
False
Is 1998 a factor of 30041928?
True
Is 441915 a multiple of 31?
False
Does 927 divide 2264120?
False
Is 377 a factor of 504296?
False
Does 19 divide 112024?
True
Is 57 a factor of 196593?
True
Is 5273060 a multiple of 34?
True
Does 1176 divide 1461102?
False
Does 102 divide 1219920?
True
Is 182 a factor of 1169045?
False
Is 16 a factor of 205632?
True
Is 17 a factor of 2375869?
True
Is 88 a factor of 108484?
False
Does 18 divide 12822?
False
Is 47 a factor of 869784?
False
Does 15 divide 16755?
True
Is 2747074 a multiple of 550?
False
Does 94 divide 1782240?
True
Does 827 divide 3324370?
False
Is 11 a factor of 1805451?
False
Is 47 a factor of 245491?
False
Does 5 divide 1624023?
False
Does 115 divide 106375?
True
Is 106609 a multiple of 3?
False
Does 238 divide 114954?
True
Is 38 a factor of 9330731?
False
Is 17 a factor of 126429?
True
Is 176 a factor of 100477?
False
Does 63 divide 12096?
True
Does 310 divide 72230?
True
Is 121 a factor of 11012982?
False
Does 131 divide 13624?
True
Is 33 a factor of 689007?
True
Is 27 a factor of 70038?
True
Is 258218 a multiple of 94?
True
Does 735 divide 2568201?
False
Does 28 divide 194684?
True
Is 265580 a multiple of 20?
True
Is 501228 a multiple of 567?
True
Is 2162615 a multiple of 97?
True
Is 3296623 a multiple of 837?
False
Does 71 divide 2859525?
True
Is 12441212 a multiple of 29?
False
Does 83 divide 193639?
True
Does 38 divide 214915?
False
Is 6 a factor of 7342?
False
Does 140 divide 663740?
True
Is 2352168 a multiple of 27?
False
Is 25 a factor of 167375?
True
Does 560 divide 305200?
True
Is 351 a factor of 1164267?
True
Is 2361657 a multiple of 3?
True
Is 1174 a factor of 27014914?
True
Is 807 a factor of 3842934?
True
Is 13 a factor of 130910?
True
Is 118413 a multiple of 623?
False
Does 218 divide 11875757?
False
Does 1649 divide 16104185?
False
Does 31 divide 4377465?
False
Is 10712 a multiple of 3?
False
Is 13 a factor of 865098?
True
Is 80780 a multiple of 11?
False
Does 17 divide 13371282?
True
Is 39 a factor of 8735805?
True
Is 28264830 a multiple of 15?
True
Does 79 divide 59931?
False
Does 19 divide 19646437?
True
Is 2321078 a multiple of 19?
True
Is 566751 a multiple of 61?
True
Is 309918 a multiple of 329?
True
Does 15 divide 62910?
True
Does 55 divide 1273836?
False
Does 16 divide 3247584?
True
Does 634 divide 2374585?
False
Does 6 divide 64021?
False
Is 13 a factor of 609752?
True
Is 11 a factor of 226482?
False
Is 75 a factor of 328275?
True
Is 72 a factor of 18944?
False
Is 64 a multiple of 4?
True
Does 11 divide 90502?
False
Is 15037812 a multiple of 27?
True
Is 1059837 a multiple of 742?
False
Does 10 divide 1337660?
True
Does 2 divide 44610?
True
Does 9 divide 134628?
False
Is 305 a factor of 1774359?
False
Is 199 a factor of 2347400?
False
Is 18212 a multiple of 16?
False
Is 5 a factor of 33565?
True
Is 7780080 a multiple of 1848?
True
Does 11 divide 15759?
False
Is 6999547 a multiple of 131?
False
Does 36 divide 25601688?
True
Does 102 divide 257958?
True
Does 10 divide 10733?
False
Does 80 divide 1117680?
True
Does 1320 divide 4366632?
False
Is 12702 a multiple of 219?
True
Does 10 divide 788710?
True
Does 161 divide 47495?
True
Is 94154 a multiple of 179?
True
Does 79 divide 863663?
False
Is 167370 a multiple of 210?
True
Is 45486 a multiple of 132?
False
Is 18009 a multiple of 69?
True
Is 23 a factor of 3142451?
False
Is 4 a factor of 220258?
False
Does 41 divide 90733?
True
Is 7 a factor of 147803?
False
Does 8 divide 37569?
False
Does 21 divide 682227?
True
Is 510537 a multiple of 20?
False
Is 105 a factor of 1724980?
False
Is 1446939 a multiple of 747?
True
Is 83 a factor of 15521?
True
Is 2915425 a multiple of 25?
True
Is 126 a factor of 199197?
False
Does 45 divide 11488938?
False
Is 62 a factor of 3501566?
False
Is 241 a factor of 716252?
True
Is 2 a factor of 363636?
True
Is 9 a factor of 3069?
True
Is 57 a factor of 2104276?
False
Is 51 a factor of 10816233?
True
Is 98010 a multiple of 165?
True
Does 30 divide 39222?
False
Is 7554960 a multiple of 80?
True
Is 1091784 a multiple of 24?
True
Is 864724 a multiple of 89?
True
Does 29 divide 2014572?
True
Does 13 divide 6989944?
True
Is 939385 a multiple of 13?
False
Is 1192 a factor of 14081096?
True
Does 77 divide 1925?
True
Is 9 a factor of 1227618?
True
Does 32 divide 14411?
False
Is 4029284 a multiple of 28?
True
Is 1488 a factor of 15183552?
True
Is 4 a factor of 849478?
False
Is 12 a factor of 2865766?
False
Is 6640204 a multiple of 51?
False
Does 258 divide 100255?
False
Is 14639569 a multiple of 79?
True
Does 1080 divide 12358043?
False
Is 24 a factor of 171730?
False
Is 56775 a multiple of 9?
False
Is 82 a factor of 88501?
False
Is 353484 a multiple of 27?
True
Is 8 a factor of 3673144?
True
Is 8 a factor of 2127608?
True
Does 40 divide 245572?
False
Is 201292 even?
True
Does 806 divide 1115504?
True
Is 37 a factor of 2927372?
False
Is 284759 a multiple of 392?
False
Is 26661078 a multiple of 74?
False
Is 13030 a multiple of 519?
False
Is 624680 a multiple of 184?
True
Does 137 divide 93160?
True
Does 32 divide 4391433?
False
Does 9 divide 3962988?
True
Does 242 divide 733986?
True
Is 7633296 a multiple of 632?
True
Does 15 divide 155415?
True
Is 228671 a multiple of 1251?
False
Is 179 a factor of 38298